 = 46221 + 21020. List the prime factors of j.
19, 3539
Suppose -9*t = -5*t - 172. Let i = t - 36. Suppose 5*y - i*y + 28 = 0. List the prime factors of y.
2, 7
Let a(m) = m**3 + 26*m**2 - 71*m + 92. What are the prime factors of a(-17)?
2, 3, 5, 13
Let q = -2 - -6. Suppose -3*x + x = 248. What are the prime factors of x*((-2)/q - 0)?
2, 31
Suppose 2*n - 106556 = -62*i + 58*i, 0 = -2*i - 3*n + 53266. What are the prime factors of i?
2, 7, 11, 173
Let q = 11 - 11. Suppose q*f + 2*f + 10 = 3*g, -3*g = f + 5. List the prime factors of 0 - -104 - g/1.
2, 13
Let f(y) = 7*y - 23. Let n be f(6). Suppose -n = 2*h + 3*c, 3*h - 5*c + 49 = -h. Let r = h + 35. List the prime factors of r.
2, 3
Suppose 5*t - 31 - 34 = 0. Suppose t*v - 1333 = -267. What are the prime factors of v?
2, 41
Suppose -12 = 4*c, -4*u + c = -0*u - 19. Suppose -u*l - 1153 = -3*j + 126, 0 = 4*j - l - 1714. What are the prime factors of j?
3, 11, 13
Suppose 24 = -z - b, z - 88 = 4*z - 5*b. What are the prime factors of ((-4)/(-10) - z/10) + 217?
2, 5, 11
Suppose -20 = -2*s + 2*y, -2*s + 0*s = 4*y - 26. Let u(m) = -m + 18. Let q be u(s). Suppose 5*f - q*f = -100. List the prime factors of f.
2, 5
Let t(y) = -2*y - 28. Let g be t(-15). Let m be 0 - 0*g/(-2). Suppose -2*l - 5*q = -3*q - 242, 4*l - 5*q - 475 = m. List the prime factors of l.
2, 3, 5
Let h(q) = -q**2 + 15*q + 46. Let z be h(8). Let o = 262 + z. List the prime factors of o.
2, 7, 13
Let s(k) = k**2 + 4*k + 12. Let t be s(-2). Suppose -r + 11 - t = 0. Suppose -4*n = 4*p - 468, r*n + 9 = -6. List the prime factors of p.
2, 61
Suppose 21*a - 6*a = 30. Suppose -4*v = -a + 14, 4*z - 5*v = 7699. List the prime factors of z.
17, 113
Let r(w) = w**3 + 17*w**2 + w + 14. Let d be r(-17). List the prime factors of d + 39/(-6)*(-736)/4.
1193
Let x = 767 + -338. Suppose x = 5*g - 746. What are the prime factors of g?
5, 47
Let l(q) = 7*q**2 - 199*q + 242. What are the prime factors of l(-48)?
2, 13, 997
Let t = 18 - 7. Let j = 367 - t. List the prime factors of 3*(-3)/(-27)*(j + -2).
2, 59
Let l(r) be the second derivative of 49*r**3/6 - 263*r**2/2 + 2*r + 47. List the prime factors of l(7).
2, 5
Let f be (-42183)/(-12) - 15/60. Suppose 4*n - f - 165 = 0. What are the prime factors of n?
2, 5, 23
Let d(g) = -9*g + 64. Let y = -875 - -834. What are the prime factors of d(y)?
433
Let t(v) = v**2 + v - 24. Let p be t(-6). Suppose 4*h + 8 = 0, 0 = 2*b - p*h + 11*h - 476. What are the prime factors of b?
3
Let a be 4 + (-2500)/(-15) + 8/(-12). Let c = 51 + a. List the prime factors of c.
13, 17
Let s(a) = 12*a - 7*a - a**2 + 7*a + 2. Let w be s(-5). Let t = w - -148. List the prime factors of t.
5, 13
Suppose -4*h + 109 - 117 = 0. Let k be -122 - -3 - h/(-1). Let q = k + 205. List the prime factors of q.
2, 3, 7
Suppose -15 = 3*o, c + o = -2 - 1. Let s be (13 + -15)/(c/274). Let l = 495 + s. What are the prime factors of l?
13, 17
Suppose -7*h = 1 + 41. Let v(y) = 9*y + 22. Let k be v(h). Let u = 37 + k. What are the prime factors of u?
5
Let m(f) = -f + 7. Let a be m(7). Suppose -4*l - 1092 + 3000 = a. What are the prime factors of l?
3, 53
List the prime factors of ((-48)/6)/(((-80)/(-127315))/(-4)).
2, 25463
Suppose 403446 = -30*p + 1463106. What are the prime factors of p?
2, 3, 7, 29
Let z = 10761 + -8378. List the prime factors of z.
2383
Let d be (44/8 - 7)*-2. Suppose -d*p + 1286 = -3*b - b, 5*p - 3*b - 2147 = 0. What are the prime factors of p?
2, 5, 43
Let l = 129 - 59. Let s = l + 25. Suppose -6*d + 247 + s = 0. What are the prime factors of d?
3, 19
Let k = 44 + -42. Suppose j - k = -j - 3*v, v = -3*j - 4. What are the prime factors of 558/12 + (j/(-4) - 0)?
47
Suppose -p + 0*p + 10 = 4*i, -3*p + 2*i = -2. Suppose -4*g + 2 = 3*b, p*b + 0*g + 2*g = 2. List the prime factors of (7 - (4 - 0)) + 286/b.
2, 73
Let l(z) = -z - 1. Let s be l(3). Let n be -6*(6 - (8 + s)). Let p = n + 85. List the prime factors of p.
73
Let o(s) be the second derivative of 4/3*s**3 - 12*s**2 + 0 + 17*s. List the prime factors of o(9).
2, 3
Suppose 0 = 2*j - 5*y - 1017, 2*j + 3*y - 1101 = -92. Let s = j - 288. Suppose 5*n - s + 28 = 5*b, b + 72 = 2*n. What are the prime factors of n?
2, 17
Let p be 2/13 - 106/13. Let u = p + -64. What are the prime factors of ((-66)/(-44))/((-2)/u)?
2, 3
Let g(d) = 1454*d - 1460*d - 1 + 3*d**3 - 3*d**2 + 1. Let u be g(4). Suppose 56*i = 55*i + u. List the prime factors of i.
2, 3, 5
Suppose -3*x = -5*n + 24137 + 11480, -x = 5*n - 35621. What are the prime factors of n?
2, 13, 137
Let x(c) = -890*c + 2103. List the prime factors of x(-19).
19013
Let n(k) = -2*k**2 + 14*k - 10. Let j be n(7). Let w = j - -146. Suppose 0 = -7*v + 3*v - 5*o + w, 0 = 2*o. List the prime factors of v.
2, 17
Suppose 2*u + v = 1609, 2*u + 10*v - 5*v - 1621 = 0. Let b = u + -458. List the prime factors of b.
3, 5, 23
Let m be (-6)/(-9) + (-99)/27. List the prime factors of 5 - (15/(-10))/(m/(-558)).
2, 71
Suppose 2*i + 3*h = 3, 4*h - 9 = -i - 0*h. Let b be (-18)/12*4/i. What are the prime factors of ((-286)/11)/(-2 - (-3)/b)?
2, 13
Let r be (-23 - 0) + 3 + -7. Let v = 28 + r. What are the prime factors of v/(-3) + 1603/21?
2, 19
Let d = -8543 + 20884. List the prime factors of d.
7, 41, 43
Suppose 5*d + 2*z = -2 + 24, 5*z + 11 = 4*d. Suppose 3*p + d*t - 269 = 2*p, -4*p + t = -1042. What are the prime factors of p?
3, 29
Let v = 30404 + -1322. List the prime factors of v.
2, 3, 37, 131
Let p = 2720 + 1809. What are the prime factors of p?
7, 647
Let h(c) = 7*c**2 + 34*c + 22. Let j(a) = -a**2 + a - 1. Let d(r) = -h(r) - 5*j(r). Let o(u) be the first derivative of d(u). List the prime factors of o(-11).
5
Let l be ((-10)/6)/(14/(-42)). Suppose -3*y = -l*f + 1, 3*f - 18 = -6*y + 2*y. Suppose f*k - 179 = 2*m - 19, -m = 2*k - 175. What are the prime factors of k?
5, 17
Let d(o) = 55*o**2 + 38*o + 97. List the prime factors of d(10).
43, 139
Suppose 3 = -q + 12. Suppose q*j = 2*x + 4*j - 306, x + 4*j = 179. What are the prime factors of x?
163
Let h(g) = -g - 4. Let t be h(-4). Suppose a - 224 = -t*x - 2*x, -4*a = 5*x - 896. Suppose -7*y + 5*y = -a. What are the prime factors of y?
2, 7
Suppose 0 = 7*k + k - 5496. Suppose -12*q = -11*q - 3*r - 727, 5*r - k = -q. What are the prime factors of q?
2, 89
Suppose -2*h - 48 = 4*v + 46, 4*h - 2*v + 138 = 0. Let f = 71 + h. Suppose -326 = -9*o + f. List the prime factors of o.
2, 5
Let z(y) = 7*y - 67. Let q be z(0). Let k = 62 - q. What are the prime factors of k?
3, 43
Suppose 5*p - h = 2*h + 57, 5*h - 5 = 0. Let d = p - 10. Suppose d*j = -3*j + 220. What are the prime factors of j?
2, 11
Suppose 231*y + 1561785 = 4795839 + 6153786. What are the prime factors of y?
2, 5, 127
List the prime factors of (-3)/(-9)*-4*(-4 + 918894/(-24)).
5, 10211
Suppose 4*v = 10*v + 1722. Let c = v - -779. List the prime factors of c.
2, 3, 41
Let p(g) = 2470*g**3 + 3*g - 4. What are the prime factors of p(1)?
3, 823
Let l(t) be the third derivative of -t**6/120 - 2*t**5/5 - 4*t**4/3 - 8*t**3/3 + 11*t**2. Let i be l(-23). Let m = i - 103. What are the prime factors of m?
2, 11
Let n(h) = 3650*h**3 + h**2 + 114*h - 223. What are the prime factors of n(2)?
29209
Let l = -8826 - -15417. List the prime factors of l.
3, 13
Let u(c) = -53*c + 358. Let f(o) = 26*o - 181. Let h(i) = 5*f(i) + 3*u(i). What are the prime factors of h(-21)?
2, 389
Let w(t) = 4781*t - 1362. List the prime factors of w(4).
2, 83, 107
Suppose 27*l - 343648 = 4*l + 15*l. What are the prime factors of l?
2, 10739
Let c(t) = 11*t - 111. Let r be c(3). Let s = 255 + r. List the prime factors of s.
3, 59
Let h = 1733 + -637. Let k = h - 294. What are the prime factors of k?
2, 401
Let n = 17 - 1. Let u be 738/(-10)*(-2 - n/12). Let o = u - 142. What are the prime factors of o?
2, 13
Let l = 302 + -147. Let z = 240 - l. List the prime factors of z.
5, 17
Let l(z) be the third derivative of 47*z**4/24 + 23*z**3/6 + 2*z**2 - 157. What are the prime factors of l(28)?
13, 103
Suppose 4*h + 2*v + v = 9, -5*v = -5*h - 15. Suppose -4 = 2*p - h*p. List the prime factors of (6/p + -16)/(-1).
19
Let q(i) = 264*i**3 + 41*i**2 - 115*i + 7. What are the prime factors of q(3)?
7159
Let i(j) = 5*j**3 + 88*j**2 - 19*j - 25. List the prime factors of i(-12).
5, 7, 11
List the pr